7)?
6
Let o(t) = t**2 - 7*t - 1227. Give o(38).
-49
Let k(t) = -t**3 + 21*t**2 - 40*t + 38. Determine k(19).
0
Let d(m) = -m**3 + 9*m**2 + 17*m + 24. Calculate d(12).
-204
Let y(v) = -7*v**2 - 14*v + 552. What is y(8)?
-8
Let m(f) = -221*f + 11029. Determine m(50).
-21
Let v(s) = -2*s**3 + 12*s**2 - 8*s - 7. Give v(4).
25
Let t(m) = 171*m + 49. Determine t(0).
49
Let u(g) = -116*g + 7755. Determine u(67).
-17
Let c(f) = -5*f - 208. What is c(-43)?
7
Let a(j) = -3*j**2 + 372*j - 1780. What is a(5)?
5
Let a(i) = -i**3 - 7*i**2 - 12*i - 8. Give a(-4).
-8
Let x(l) = -5*l**3 - 393*l**2 - 233*l + 65. Calculate x(-78).
-13
Let j(r) = -r**3 - 85*r**2 - 163*r + 281. Calculate j(-83).
32
Let d(t) = 2219*t - 46612. What is d(21)?
-13
Let s(a) = 142*a + 1208. Determine s(-9).
-70
Let i(r) = -r**3 + 10*r**2 - 15*r + 462. Calculate i(12).
-6
Let s(m) = -m**2 + 32*m + 18. Determine s(32).
18
Let j(v) = -v**2 + 24*v + 209. Calculate j(-9).
-88
Let t(l) = -96*l - 107. Calculate t(-1).
-11
Let k(z) = 5*z + 66. Calculate k(-27).
-69
Let q(j) = -j**2 + 33*j - 26. Give q(31).
36
Let p(g) = -2*g**3 - 272*g**2 + 3553*g - 6. Determine p(12).
6
Let u(x) = 4*x + 105. Give u(-34).
-31
Let t(k) = 935*k - 121557. What is t(130)?
-7
Let u(s) = -5*s**3 - 115*s**2 + 3*s + 93. What is u(-23)?
24
Let b(c) = -2*c**3 - 253*c**2 + 3030*c - 58. What is b(11)?
-3
Let b(c) = -43*c**2 + 88*c - 59. Give b(3).
-182
Let w(r) = -r**2 + 35*r + 339. Calculate w(36).
303
Let b(h) = 52*h + 3919. Determine b(-75).
19
Let s(g) = -2102*g - 14714. Calculate s(-7).
0
Let i(z) = -z**2 + 239*z - 13718. What is i(95)?
-38
Let p(l) = 3*l**2 - 16*l + 56. Give p(3).
35
Let p(g) = -21*g + 1017. What is p(48)?
9
Let f(y) = y**3 - 33*y**2 - 39*y - 51. What is f(34)?
-221
Let o(k) = k**3 + 41*k**2 - 114*k + 767. Give o(-44).
-25
Let w(k) = -2*k**2 + 51*k - 17. Calculate w(25).
8
Let i(u) = 62*u - 1000. What is i(18)?
116
Let r(j) = 17*j + 700. Determine r(-42).
-14
Let k(i) = -5*i**3 + 5*i**2 + 25*i - 65. Determine k(2).
-35
Let m(w) = -67*w**2 + 1680*w + 1681. Calculate m(-1).
-66
Let w(q) = -204*q + 9595. What is w(47)?
7
Let a(s) = -121*s + 2253. Calculate a(20).
-167
Let i(r) = 579*r + 4086. Give i(-7).
33
Let p(x) = 262*x - 1052. Give p(4).
-4
Let y(d) = -9*d**2 + 6*d + 128. Give y(-8).
-496
Let l(h) = 99*h + 897. What is l(-9)?
6
Let c(y) = -37*y**3 - y**2 - 63*y + 63. Determine c(1).
-38
Let t(c) = 7*c**2 - 18*c - 6. Give t(-3).
111
Let a(y) = -y**3 - 30*y**2 - 23*y - 123. Determine a(-30).
567
Let d(z) = -z**3 + 4*z**2 + 16*z - 17. What is d(7)?
-52
Let v(a) = -388*a - 549. What is v(-2)?
227
Let q(x) = x**3 - 6*x**2 + 14*x - 22. Calculate q(3).
-7
Let k(r) = r**3 - 30*r**2 + 189*r - 182. Determine k(21).
-182
Let i(x) = 323*x - 941. What is i(3)?
28
Let o(u) = 18*u - 1001. Determine o(56).
7
Let m(r) = -r + 91. Give m(-31).
122
Let g(r) = r**3 + 5*r**2 - 35*r - 82. Determine g(-8).
6
Let v(f) = 47*f + 3669. Calculate v(-77).
50
Let r(c) = c**3 + 9*c - 4. Give r(7).
402
Let p(a) = -12*a**3 - a**2 - 17*a - 12. Determine p(-4).
808
Let y(g) = -g**3 + 37*g**2 - 42*g - 2037. Give y(34).
3
Let y(h) = -8498*h + 42492. What is y(5)?
2
Let y(j) = -5*j**2 + 113*j - 266. What is y(20)?
-6
Let y(h) = h**3 - 11*h**2 + 26*h - 403. Determine y(12).
53
Let r(o) = -22*o**2 - 12*o - 8. What is r(0)?
-8
Let m(d) = 18*d - 69. Determine m(3).
-15
Let w(v) = -55*v**2 - 234*v + 234. Calculate w(1).
-55
Let o(l) = -l**2 - 8*l - 11. Calculate o(6).
-95
Let z(q) = 522*q - 2093. Give z(4).
-5
Let d(f) = -5*f**3 + 36*f**2 - 7*f - 3. Give d(7).
-3
Let h(o) = 60*o**2 + 184*o + 192. Give h(-1).
68
Let b(s) = s**2 + 40*s - 15. Calculate b(-7).
-246
Let b(d) = -2*d**2 - 133*d - 2191. What is b(-39)?
-46
Let n(o) = -337*o - 12446. Determine n(-37).
23
Let n(t) = 7*t**2 - 96*t + 62. Determine n(13).
-3
Let u(n) = 150*n + 57. Determine u(-2).
-243
Let x(t) = -12*t - 102. Give x(-7).
-18
Let h(j) = -675*j + 4058. What is h(6)?
8
Let v(a) = -2*a**2 - 120*a - 1595. What is v(-20)?
5
Let r(w) = 54*w - 2268. Calculate r(42).
0
Let z(o) = o - 90. Determine z(23).
-67
Let n(b) = b**3 + 95*b**2 - 76*b + 1922. Give n(-96).
2
Let d(t) = t**3 + 28*t**2 - 70*t - 338. Calculate d(-30).
-38
Let x(q) = 22*q**2 + 438*q + 767. Give x(-18).
11
Let h(f) = 274*f + 16120. Determine h(-59).
-46
Let p(q) = 3*q**2 - 51*q - 572. What is p(-8)?
28
Let a(h) = -2*h**2 + 36*h + 93. What is a(20)?
13
Let k(t) = 40*t**3 + 3*t**2 - t + 1. Determine k(2).
331
Let a(d) = -1058*d - 2103. Determine a(-2).
13
Let p(a) = 2*a**2 + 75*a + 790. What is p(-15)?
115
Let a(o) = -o**3 + 25*o**2 - 3*o + 3457. Determine a(29).
6
Let n(i) = -4*i**3 + 108*i**2 + 106*i + 41. Calculate n(28).
-127
Let r(d) = 22*d**3 + 130*d**2 - 13*d + 6. Calculate r(-6).
12
Let s(j) = -j**2 + 28*j + 204. Determine s(-8).
-84
Let c(g) = -14*g**2 + 447*g - 447. Determine c(1).
-14
Let p(g) = 55*g - 1492. Calculate p(30).
158
Let g(d) = 7*d**2 - 223*d - 10. Determine g(32).
22
Let u(k) = -k**3 - 22*k**2 - 27*k + 12. Give u(-21).
138
Let k(r) = 7*r**2 + 6*r - 20. Calculate k(-8).
380
Let g(c) = 7*c - 75. Give g(7).
-26
Let j(a) = -16*a**2 - 100*a + 13. Calculate j(-9).
-383
Let a(w) = -33*w + 902. Give a(37).
-319
Let i(x) = -124*x + 1244. What is i(10)?
4
Let t(y) = -y**2 - 60*y - 676. What is t(-45)?
-1
Let r(t) = t**3 + 23*t**2 - 52*t - 53. What is r(-25)?
-3
Let a(x) = 16*x**2 - 480*x - 56. Calculate a(31).
440
Let j(s) = 34*s + 481. Calculate j(-14).
5
Let i(x) = -4*x**3 - 29*x**2 - 3*x - 7. Determine i(-7).
-35
Let a(q) = 253*q - 4320. Give a(17).
-19
Let h(k) = 3*k**3 - 12*k**2 - 7*k + 15. Calculate h(5).
55
Let g(c) = 29*c**2 + 447*c + 890. Give g(-2).
112
Let v(l) = l**3 + 34*l**2 + 68*l + 140. Determine v(-32).
12
Let r(p) = -4*p**3 - 20*p**2 + 16*p + 88. Calculate r(-5).
8
Let i(d) = -3*d**2 + 28*d + 3. Determine i(10).
-17
Let o(g) = -g**2 - 105*g - 1041. Calculate o(-94).
-7
Let n(g) = -g**2 - 14*g + 268. Determine n(11).
-7
Let m(p) = p**3 - 22*p**2 + 119*p - 28. What is m(17)?
550
Let p(s) = 5*s + 31. What is p(-4)?
11
Let w(v) = -125*v**3 + 2500*v**2 + 7*v - 153. What is w(20)?
-13
Let g(l) = 259*l + 16852. Give g(-65).
17
Let m(p) = -6*p**3 + 577*p**2 - 95*p - 60. Calculate m(96).
36
Let j(o) = 130*o - 642. Calculate j(5).
8
Let o(i) = i**2 - 13*i + 220. Calculate o(-11).
484
Let h(d) = -2*d**3 - 134*d**2 - 131*d + 39. What is h(-66)?
-27
Let m(z) = 446*z + 23376. Give m(-52).
184
Let n(z) = -204*z + 2232. Determine n(11).
-12
Let s(a) = a**2 - 98*a + 805. Determine s(89).
4
Let m(t) = t**2 - 26*t + 151. Calculate m(13).
-18
Let b(r) = -r**3 + 34*r**2 + 35*r + 2812. Calculate b(37).
0
Let q(t) = 58*t - 292. Calculate q(7).
114
Let v(p) = 21*p - 31. Calculate v(-4).
-115
Let s(g) = 7*g**3 - 4*g**2 - 18*g - 41. Calculate s(-3).
-212
Let j(n) = -388*n + 5382. Give j(14).
-50
Let b(x) = x**3 - 11*x**2 + 25*x - 8. Determine b(10).
142
Let n(g) = -3*g**2 + 43*g - 14. Calculate n(5).
126
Let k(n) = n**2 - 56*n + 677. What is k(18)?
-7
Let g(d) = d**3 + 3*d**2 - 211*d + 22. Determine g(13).
-17
Let h(n) = -77*n + 842. What is h(11)?
-5
Let j(a) = a**2 + 7*a - 82. What is j(-15)?
38
Let n(b) = 11*b + 502. Determine n(27).
799
Let o(t) = -t**3 - 31*t**2 - 156*t + 1. Give o(-7).
-83
Let m(a) = -695*a + 2789. Determine m(4).
9
Let w(y) = 13*y**2 - 185*y - 355. Give w(16).
13
Let o(z) = z**3 - z**2 - 5*z + 22. Determine o(0).
22
Let o(h) = -3*h - 13. What is o(4)?
-25
Let s(t) = 3*t**2 + 80*t + 437. Determine s(-8).
-11
Let q(x) = -404*x + 4066. Calculate q(10).
26
Let m(l) = l**2 + 20*l - 31. Determine m(-18).
-67
Let k(q) = q + 45. Give k(-15).
30
Let x(d) = 84*d - 1617. Give x(19).
-21
Let j(x) = 557*x - 2226. Calculate j(4).
2
Let l(o) = 48*o - 12. Determine l(-2).
-108
Let n(h) = 20*h - 32. Give n(2).
8
Let g(o) = 190*o - 8928. Determine g(47).
2
Let n(r) = -496*r - 31739. Determine n(-64).
5
Let s(t) = -16*t**2 - 318*t + 26. Give s(-21).
-352
Let z(f) = -24*f**3 + 45*f**2 - 2*f + 9. Determine z(2).
-7
Let v(w) = 184*w - 10914. Determine v(59).
-58
Let i(k) = k**3 + 11*k**2 - 19*k + 17. Give i(-13).
-74
Let u(o) = 5*o - 69. Determine u(10).
-19
Let h(j) = -3564*j + 57031. Calculate h(16).
7
Let g(b) = b**3 + 22*b**2 + 6*b + 67. Determine g(-22).
-65
Let a(r) = -33*r**2 + 36*r - 23. Calcul